{"id":12,"date":"2021-05-13T05:31:27","date_gmt":"2021-05-13T05:31:27","guid":{"rendered":"http:\/\/3dmatcis.com\/?page_id=12"},"modified":"2025-06-04T16:05:50","modified_gmt":"2025-06-04T16:05:50","slug":"services","status":"publish","type":"page","link":"https:\/\/3dmatcis.com\/?page_id=12","title":{"rendered":"Servi\u00e7os"},"content":{"rendered":"\n<div class=\"wp-block-cover alignfull\" style=\"min-height:50px\"><span aria-hidden=\"true\" class=\"wp-block-cover__background has-background-dim-100 has-background-dim\" style=\"background-color:#1a537f\"><\/span><div class=\"wp-block-cover__inner-container\">\n<div class=\"wp-container-22 wp-block-columns\">\n<div class=\"wp-container-21 wp-block-column is-vertically-aligned-top has-background\" style=\"background-color:#1a537f\">\n<h1 class=\"has-text-align-center has-white-color has-text-color\" style=\"margin-top:100px\">Design para Manufatura Aditiva &#8211; DFAM<\/h1>\n\n\n\n<p class=\"has-text-align-center has-ast-global-color-5-color has-text-color\" style=\"font-size:24px\">Na 3DMatCIS, aplicamos o conceito de&nbsp;<strong>DFAM<\/strong>&nbsp;para desenvolver pe\u00e7as e sistemas com geometrias avan\u00e7adas, estruturas porosas otimizadas e m\u00faltiplas fun\u00e7\u00f5es integradas. Nossos projetos s\u00e3o concebidos desde o in\u00edcio para aproveitar o m\u00e1ximo das capacidades da impress\u00e3o 3D.<\/p>\n\n\n\n<div class=\"wp-container-4 wp-block-columns are-vertically-aligned-center\">\n<div class=\"wp-container-1 wp-block-column is-vertically-aligned-center\" style=\"flex-basis:600px\">\n<h2 class=\"has-text-align-left has-ast-global-color-5-color has-text-color has-large-font-size\">Modelagem Geom\u00e9trica<\/h2>\n\n\n\n<p class=\"has-text-align-left has-ast-global-color-5-color has-text-color\" style=\"font-size:27px\">Modelagem CAD de sistemas mec\u00e2nicos e de geometrias complexas, adquiridas por esc\u00e2ner de alta resolu\u00e7\u00e3o ou geradas usando modelos de IA (como difus\u00e3o).<\/p>\n<\/div>\n\n\n\n<div class=\"wp-container-2 wp-block-column is-vertically-aligned-center\"><\/div>\n\n\n\n<div class=\"wp-container-3 wp-block-column is-vertically-aligned-center\" style=\"flex-basis:300px\">\n<figure class=\"wp-block-image\"><img alt=\"\"\/><\/figure>\n<\/div>\n<\/div>\n\n\n\n<div class=\"wp-container-8 wp-block-columns are-vertically-aligned-center\">\n<div class=\"wp-container-5 wp-block-column is-vertically-aligned-center\" style=\"flex-basis:300px\">\n<figure class=\"wp-block-image aligncenter size-full\"><img loading=\"lazy\" width=\"635\" height=\"692\" src=\"https:\/\/3dmatcis.com\/wp-content\/uploads\/2025\/05\/Captura-de-tela-2025-05-21-170703-1.png\" alt=\"\" class=\"wp-image-612\" srcset=\"https:\/\/3dmatcis.com\/wp-content\/uploads\/2025\/05\/Captura-de-tela-2025-05-21-170703-1.png 635w, https:\/\/3dmatcis.com\/wp-content\/uploads\/2025\/05\/Captura-de-tela-2025-05-21-170703-1-275x300.png 275w\" sizes=\"(max-width: 635px) 100vw, 635px\" \/><\/figure>\n<\/div>\n\n\n\n<div class=\"wp-container-6 wp-block-column is-vertically-aligned-center\"><\/div>\n\n\n\n<div class=\"wp-container-7 wp-block-column is-vertically-aligned-center\" style=\"flex-basis:600px\">\n<h2 class=\"has-text-align-right has-ast-global-color-5-color has-text-color has-large-font-size\">Simula\u00e7\u00e3o computacional <\/h2>\n\n\n\n<p class=\"has-text-align-right has-ast-global-color-5-color has-text-color\" style=\"font-size:27px\">Simula\u00e7\u00e3o multif\u00edsica (FEM) acoplada ao design, analisando esfor\u00e7os estruturais, t\u00e9rmicos, fluidodin\u00e2micos, entre outros, como foco em efici\u00eancia, desempenho e inova\u00e7\u00e3o.<\/p>\n<\/div>\n<\/div>\n\n\n\n<div class=\"wp-container-12 wp-block-columns are-vertically-aligned-center\">\n<div class=\"wp-container-9 wp-block-column is-vertically-aligned-center\" style=\"flex-basis:600px\">\n<h2 class=\"has-text-align-right has-ast-global-color-5-color has-text-color has-large-font-size\">Otimiza\u00e7\u00e3o Topol\u00f3gica<\/h2>\n\n\n\n<p class=\"has-text-align-right has-ast-global-color-5-color has-text-color\" style=\"font-size:27px\">Redu\u00e7\u00e3o de peso e uso de material sem perda de desempenho mec\u00e2nico condicionada aos requisitos operacionais, por meio de simula\u00e7\u00e3o e modelos de IA.<\/p>\n<\/div>\n\n\n\n<div class=\"wp-container-10 wp-block-column is-vertically-aligned-center\"><\/div>\n\n\n\n<div class=\"wp-container-11 wp-block-column is-vertically-aligned-center\" style=\"flex-basis:300px\">\n<figure class=\"wp-block-image aligncenter size-full\"><img loading=\"lazy\" width=\"635\" height=\"692\" src=\"https:\/\/3dmatcis.com\/wp-content\/uploads\/2025\/05\/Captura-de-tela-2025-05-21-170703-1.png\" alt=\"\" class=\"wp-image-612\" srcset=\"https:\/\/3dmatcis.com\/wp-content\/uploads\/2025\/05\/Captura-de-tela-2025-05-21-170703-1.png 635w, https:\/\/3dmatcis.com\/wp-content\/uploads\/2025\/05\/Captura-de-tela-2025-05-21-170703-1-275x300.png 275w\" sizes=\"(max-width: 635px) 100vw, 635px\" \/><\/figure>\n<\/div>\n<\/div>\n\n\n\n<div class=\"wp-container-16 wp-block-columns are-vertically-aligned-center\">\n<div class=\"wp-container-13 wp-block-column is-vertically-aligned-center\" style=\"flex-basis:600px\">\n<h2 class=\"has-text-align-left has-ast-global-color-5-color has-text-color has-large-font-size\">Manufatura Aditiva<\/h2>\n\n\n\n<p class=\"has-text-align-left has-ast-global-color-5-color has-text-color has-medium-font-size\">Fabrica\u00e7\u00e3o de geometrias complexas por diferentes t\u00e9cnicas de MA em diversos materiais (metais, pol\u00edmeros e comp\u00f3sitos) com as caracter\u00edsticas desejadas. Procedimentos p\u00f3s fabrica\u00e7\u00e3o para garantir a qualidade do produto final (usinagem, tratamento t\u00e9rmico, tratamento de superf\u00edcie).<\/p>\n<\/div>\n\n\n\n<div class=\"wp-container-14 wp-block-column is-vertically-aligned-center\"><\/div>\n\n\n\n<div class=\"wp-container-15 wp-block-column is-vertically-aligned-center\" style=\"flex-basis:300px\">\n<figure class=\"wp-block-image\"><img alt=\"\"\/><\/figure>\n<\/div>\n<\/div>\n\n\n\n<div class=\"wp-container-20 wp-block-columns are-vertically-aligned-center\">\n<div class=\"wp-container-17 wp-block-column is-vertically-aligned-center\" style=\"flex-basis:300px\">\n<figure class=\"wp-block-image\"><img alt=\"\"\/><\/figure>\n<\/div>\n\n\n\n<div class=\"wp-container-18 wp-block-column is-vertically-aligned-center\"><\/div>\n\n\n\n<div class=\"wp-container-19 wp-block-column is-vertically-aligned-center\" style=\"flex-basis:600px\">\n<h2 class=\"has-text-align-right has-ast-global-color-5-color has-text-color has-x-large-font-size\">Digital Twins<\/h2>\n\n\n\n<p class=\"has-text-align-right has-ast-global-color-5-color has-text-color has-medium-font-size\">Desenvolvimento de r\u00e9plicas virtuais de alta fidelidade de ativos, capazes de diagnosticar e prever o comportamento f\u00edsico do ativo, integrando os dados operacionais, a simula\u00e7\u00e3o avan\u00e7ada e os modelos de IA. <\/p>\n<\/div>\n<\/div>\n<\/div>\n<\/div>\n\n\n\n<div class=\"wp-container-28 wp-block-columns\">\n<div class=\"wp-container-27 wp-block-column\">\n<div class=\"wp-container-26 wp-block-columns alignwide has-background\" style=\"background-color:#1a537f;padding-top:0px\">\n<div class=\"wp-container-23 wp-block-column\">\n<figure class=\"wp-block-image aligncenter size-full\" style=\"border-radius:100px\"><img loading=\"lazy\" width=\"200\" height=\"200\" src=\"http:\/\/3dmatcis.com\/wp-content\/uploads\/2022\/07\/posproc.webp\" alt=\"\" class=\"wp-image-396\" srcset=\"https:\/\/3dmatcis.com\/wp-content\/uploads\/2022\/07\/posproc.webp 200w, https:\/\/3dmatcis.com\/wp-content\/uploads\/2022\/07\/posproc-150x150.webp 150w\" sizes=\"(max-width: 200px) 100vw, 200px\" \/><\/figure>\n\n\n\n<h4 class=\"has-text-align-center has-ast-global-color-5-color has-text-color\">P\u00f3s-processamento<\/h4>\n\n\n\n<p class=\"has-text-align-center has-ast-global-color-5-color has-text-color\">Procedimentos p\u00f3s fabrica\u00e7\u00e3o para garantir a qualidade do produto final (usinagem, tratamento t\u00e9rmico, tratamento de superf\u00edcie)<\/p>\n<\/div>\n\n\n\n<div class=\"wp-container-24 wp-block-column\">\n<figure class=\"wp-block-image aligncenter size-full is-style-default\" style=\"border-radius:100px\"><img loading=\"lazy\" width=\"200\" height=\"200\" src=\"http:\/\/3dmatcis.com\/wp-content\/uploads\/2022\/07\/caracterizacao.webp\" alt=\"\" class=\"wp-image-397\" srcset=\"https:\/\/3dmatcis.com\/wp-content\/uploads\/2022\/07\/caracterizacao.webp 200w, https:\/\/3dmatcis.com\/wp-content\/uploads\/2022\/07\/caracterizacao-150x150.webp 150w\" sizes=\"(max-width: 200px) 100vw, 200px\" \/><\/figure>\n\n\n\n<h4 class=\"has-text-align-center has-ast-global-color-5-color has-text-color\">Caracteriza\u00e7\u00e3o avan\u00e7ada de materiais <\/h4>\n\n\n\n<p class=\"has-text-align-center has-ast-global-color-5-color has-text-color\">Gest\u00e3o do processo de caracteriza\u00e7\u00e3o realizada por laborat\u00f3rios parceiros<\/p>\n<\/div>\n\n\n\n<div class=\"wp-container-25 wp-block-column\">\n<figure class=\"wp-block-image aligncenter size-full is-resized is-style-rounded\" style=\"border-radius:100px\"><img loading=\"lazy\" src=\"https:\/\/3dmatcis.com\/wp-content\/uploads\/2022\/08\/machinelearning-edited.jpg\" alt=\"\" class=\"wp-image-446\" width=\"200\" height=\"200\" srcset=\"https:\/\/3dmatcis.com\/wp-content\/uploads\/2022\/08\/machinelearning-edited.jpg 819w, https:\/\/3dmatcis.com\/wp-content\/uploads\/2022\/08\/machinelearning-edited-300x300.jpg 300w, https:\/\/3dmatcis.com\/wp-content\/uploads\/2022\/08\/machinelearning-edited-150x150.jpg 150w, https:\/\/3dmatcis.com\/wp-content\/uploads\/2022\/08\/machinelearning-edited-768x768.jpg 768w\" sizes=\"(max-width: 200px) 100vw, 200px\" \/><\/figure>\n\n\n\n<h4 class=\"has-text-align-center has-ast-global-color-5-color has-text-color\">Otimiza\u00e7\u00e3o de processos com uso de Intelig\u00eancia Artificial<\/h4>\n\n\n\n<p class=\"has-text-align-center has-ast-global-color-5-color has-text-color\">Uso de t\u00e9cnicas de Machine Learning e Deep Learning para aux\u00edlio em todos os processos: seja na tomada de decis\u00e3o, otimiza\u00e7\u00e3o de geometrias ou redu\u00e7\u00e3o do tempo computacional<\/p>\n<\/div>\n<\/div>\n<\/div>\n<\/div>\n<\/div><\/div>\n","protected":false},"excerpt":{"rendered":"","protected":false},"author":1,"featured_media":0,"parent":0,"menu_order":0,"comment_status":"closed","ping_status":"closed","template":"","meta":{"om_disable_all_campaigns":false,"_monsterinsights_skip_tracking":false,"_monsterinsights_sitenote_active":false,"_monsterinsights_sitenote_note":"","_monsterinsights_sitenote_category":0,"site-sidebar-layout":"no-sidebar","site-content-layout":"plain-container","ast-global-header-display":"","ast-main-header-display":"","ast-hfb-above-header-display":"","ast-hfb-below-header-display":"","ast-hfb-mobile-header-display":"","site-post-title":"disabled","ast-breadcrumbs-content":"","ast-featured-img":"","footer-sml-layout":"","theme-transparent-header-meta":"enabled","adv-header-id-meta":"","stick-header-meta":"","header-above-stick-meta":"","header-main-stick-meta":"","header-below-stick-meta":""},"_links":{"self":[{"href":"https:\/\/3dmatcis.com\/index.php?rest_route=\/wp\/v2\/pages\/12"}],"collection":[{"href":"https:\/\/3dmatcis.com\/index.php?rest_route=\/wp\/v2\/pages"}],"about":[{"href":"https:\/\/3dmatcis.com\/index.php?rest_route=\/wp\/v2\/types\/page"}],"author":[{"embeddable":true,"href":"https:\/\/3dmatcis.com\/index.php?rest_route=\/wp\/v2\/users\/1"}],"replies":[{"embeddable":true,"href":"https:\/\/3dmatcis.com\/index.php?rest_route=%2Fwp%2Fv2%2Fcomments&post=12"}],"version-history":[{"count":59,"href":"https:\/\/3dmatcis.com\/index.php?rest_route=\/wp\/v2\/pages\/12\/revisions"}],"predecessor-version":[{"id":631,"href":"https:\/\/3dmatcis.com\/index.php?rest_route=\/wp\/v2\/pages\/12\/revisions\/631"}],"wp:attachment":[{"href":"https:\/\/3dmatcis.com\/index.php?rest_route=%2Fwp%2Fv2%2Fmedia&parent=12"}],"curies":[{"name":"wp","href":"https:\/\/api.w.org\/{rel}","templated":true}]}}